
False
Is 22261783 composite?
False
Is 13831537 composite?
False
Is 795427 a composite number?
False
Is 75400229 composite?
False
Is 25071187 a composite number?
True
Is 2611547 a prime number?
False
Is 7417645 composite?
True
Is 3524507 composite?
True
Is 26913847 a prime number?
True
Is 573857983 a prime number?
True
Is 1818769 a composite number?
False
Is 28899965 prime?
False
Is 200905811 composite?
False
Is 1303481 a composite number?
False
Is 25582 a composite number?
True
Is 242668411 a prime number?
False
Is 74771 a composite number?
False
Is 226837 prime?
False
Is 39985201 composite?
True
Is 175208791 composite?
False
Is 8344681 a composite number?
False
Is 1042897 prime?
True
Is 2790143 prime?
True
Is 6100319 a prime number?
True
Is 651397 prime?
True
Is 91270789 a prime number?
False
Is 467101 a prime number?
True
Is 7428697 a composite number?
False
Is 1872389 a prime number?
True
Is 1153103 prime?
False
Is 15313187 a prime number?
False
Is 10489543 a composite number?
False
Is 138836699 a prime number?
True
Is 493541 prime?
True
Is 94505911 composite?
True
Is 6271933 a composite number?
False
Is 3720617 a composite number?
False
Is 16517005 a prime number?
False
Is 6857407 composite?
False
Is 570884723 a composite number?
True
Is 504929 a prime number?
True
Is 13255979 a prime number?
False
Is 9738349 composite?
False
Is 117530981 composite?
True
Is 4576421 prime?
True
Is 15875065 a composite number?
True
Is 110965703 composite?
False
Is 166626407 a prime number?
False
Is 122597977 a composite number?
True
Is 861347 prime?
True
Is 31715849 prime?
False
Is 39653017 prime?
True
Is 7925735 a composite number?
True
Is 90806 prime?
False
Is 62100539 composite?
False
Is 270601 a composite number?
False
Is 114329 a prime number?
True
Is 3280243 a prime number?
False
Is 1745879 composite?
False
Is 17674547 a prime number?
False
Is 94316519 a prime number?
False
Is 580435873 prime?
True
Is 9780662 a prime number?
False
Is 1869823 composite?
False
Is 31824497 a composite number?
True
Is 11654737 composite?
False
Is 26425567 prime?
False
Is 201377 a composite number?
True
Is 145531 a prime number?
True
Is 2450959 prime?
False
Is 22516537 prime?
True
Is 7109551 a composite number?
False
Is 16238249 composite?
True
Is 748941 prime?
False
Is 87701813 composite?
False
Is 3676223 prime?
False
Is 180915379 composite?
True
Is 496889959 a composite number?
False
Is 660119 a prime number?
True
Is 5027819 prime?
False
Is 197128997 a prime number?
False
Is 2323201 a prime number?
True
Is 32749 prime?
True
Is 80205519 prime?
False
Is 795794 a prime number?
False
Is 5862929 a prime number?
True
Is 3514703 a prime number?
False
Is 3870449 a composite number?
True
Is 3522279 composite?
True
Is 1794743 prime?
False
Is 532564297 prime?
True
Is 29809349 a prime number?
True
Is 92083693 a prime number?
False
Is 14689 a composite number?
True
Is 6878167 prime?
True
Is 4148318 a composite number?
True
Is 1067047 a composite number?
False
Is 377512033 a composite number?
False
Is 71610191 a composite number?
False
Is 6499351 a composite number?
False
Is 293843371 a prime number?
True
Is 1121539 a prime number?
True
Is 21052457 prime?
False
Is 224740181 prime?
True
Is 4504457 composite?
False
Is 8183011 composite?
False
Is 65919389 a composite number?
False
Is 693229 composite?
True
Is 1415207 prime?
True
Is 5012767 a composite number?
False
Is 15561911 composite?
False
Is 1508951 prime?
True
Is 11190007 a prime number?
False
Is 2304157 composite?
False
Is 78061 a composite number?
True
Is 106330351 a prime number?
True
Is 440159 a composite number?
False
Is 69861185 a composite number?
True
Is 8483081 prime?
True
Is 804179 a prime number?
True
Is 13950833 composite?
True
Is 15853243 a composite number?
True
Is 120106249 a composite number?
False
Is 2498083 a composite number?
True
Is 6461249 a composite number?
False
Is 19622023 prime?
False
Is 44349541 composite?
False
Is 4326643 prime?
True
Is 7177685 composite?
True
Is 18331 a composite number?
True
Is 9745037 composite?
False
Is 304219907 composite?
False
Is 32246209 a composite number?
False
Is 102703423 a prime number?
True
Is 259188159 prime?
False
Is 5251 a composite number?
True
Is 380354347 a prime number?
True
Is 39104537 composite?
True
Is 1728101 a composite number?
True
Is 6245659 prime?
False
Is 31319411 composite?
False
Is 13679045 a composite number?
True
Is 13575361 composite?
False
Is 27995291 a prime number?
True
Is 18567193 a prime number?
False
Is 63910849 composite?
False
Is 1235041 prime?
True
Is 349834753 a composite number?
False
Is 9881951 prime?
True
Is 185530837 prime?
False
Is 624334397 prime?
False
Is 5398097 prime?
False
Is 5733737 a prime number?
True
Is 78733747 a prime number?
True
Is 45845177 a prime number?
False
Is 27455191 composite?
True
Is 75756911 prime?
False
Is 41465107 prime?
True
Is 28920863 composite?
False
Is 594511 composite?
False
Is 184525553 prime?
True
Is 1420057 a composite number?
False
Is 35706803 composite?
True
Is 5561417 a composite number?
True
Is 1033631 a prime number?
True
Is 129176057 composite?
False
Is 47909993 composite?
False
Is 885361 a prime number?
False
Is 12927083 composite?
True
Is 34973909 prime?
True
Is 12548059 a prime number?
True
Is 206978777 composite?
True
Is 11409305 prime?
False
Is 501737519 a composite number?
False
Is 141029045 composite?
True
Is 5691689 a prime number?
True
Is 67315097 a composite number?
True
Is 1463303 composite?
False
Is 13978443 a composite number?
True
Is 889579 a composite number?
False
Is 55811449 composite?
False
Is 12753938 a prime number?
False
Is 1385561 composite?
False
Is 22131553 a prime number?
False
Is 68788327 a composite number?
True
Is 2318873 a composite number?
True
Is 622813 composite?
False
Is 37524299 a composite number?
False
Is 170690393 a prime number?
True
Is 512538511 composite?
False
Is 1758383 prime?
False
Is 91951877 a prime number?
False
Is 746377471 prime?
False
Is 109560253 prime?
False
Is 218426979 a prime number?
False
Is 63908489 composite?
True
Is 4972523 a composite number?
False
Is 15172099 composite?
False
Is 6592241 prime?
True
Is 4766857 a composite number?
True
Is 28082713 prime?
False
Is 1873015 a composite number?
True
Is 272208401 composite?
False
Is 244484467 a prime number?
True
Is 1145437 a prime number?
False
Is 88018561 a composite number?
True
Is 204172711 composite?
False
Is 1806983 prime?
False
Is 10051105 a composite number?
True
Is 14055959 a composite number?
False
Is 3807863 composite?
False
Is 37436831 prime?
True
Is 611255 a composite number?
True
Is 5488915 a prime number?
False
Is 10958783 composite?
True
Is 23251199 a prime number?
True
Is 23275051 composite?
False
Is 7340951 a composite number?
False
Is 125594785 a prime number?
False
Is 445207447 a prime number?
True
Is 109763861 prime?
True
Is 40007181 composite?
True
Is 260290243 composite?
True
Is 244670597 a prime number?
True
Is 7769813 composite?
False
Is 430759711 a prime number?
True
Is 14208809 a prime number?
True
Is 14328997 a composite number?
False
Is 397343 a composite number?
True
Is 22177 a prime number?
False
Is 150954337 a composite number?
False
Is 1528799 prime?
True
Is 13959337 composite?
True
Is 424619743 prime?
True
Is 39809369 prime?
True
Is 13009703 prime?
False
Is 194057099 prime?
True
Is 745112959 a prime number?
True
Is 32849693 prime?
False
Is 3812927287 a composite number?
True
Is 81767069 prime?
True
Is 59769299 prime?
True
Is 41914993 a composite number?
True
Is 557569 a composite number?
True
Is 43498027 prime?
True
Is 16542611 prime?
False
Is 135721151 prime?
True
Is 31864633 a prime number?
True
Is 3093271 composite?
False
Is 36733919 a prime number?
False
Is 96653129 prime?
True
Is 6976367 composite?
True
Is 27003281 a prime number?
True
Is 27654751 a composite number?
False
Is 40000739 composite?
True
Is 215210951 a prime number?
True
Is 400381 composite?
False
Is 116487307 a prime number?
True
Is 605677 a prime number?
False
Is 60651719 composite?
True
Is 6821071 a composite number?
True
Is 31865207 prime?
False
Is 7137191 composite?
False
Is 126164893 a prime number?
False
Is 1360529 composite?
False
Is 2964457 prime?
False
Is 7702559 composite?
False
I